
-13
Let f(i) be the second derivative of -i**3/6 - 2*i**2 - 20*i. What is f(-3)?
-1
Suppose -o + 4*f = -18, o - 4*f - 12 = 3*o. Let q(v) = o*v + 6*v - 6 - v**2 - 7*v - 2*v. Give q(0).
-6
Let v(f) = f**3 + 5*f**2 - 8*f + 2. Suppose 0 = 19*m - 22*m + 18. Let t be 1*(0 + m)*-1. Let l = t - 0. Calculate v(l).
14
Suppose 3*m = -19 + 13. Let c(h) be the third derivative of 2*h**2 - 1/60*h**5 - 1/12*h**4 + 0 + 0*h - 1/3*h**3. Calculate c(m).
-2
Let s(w) = -w - 2. Let b be s(-3). Let o(i) be the third derivative of -5*i**4/24 + 406*i**2. What is o(b)?
-5
Let h = -1 + 10. Let n(o) = o**2 - 10*o + 12. Let t be n(h). Suppose -t*c + 2 = 11. Let b(m) = -m**2 - 4*m + 3. Give b(c).
6
Let x(j) = j**3 + 5*j**2 - 5. Let s = 20 - 6. Let m = s - 2. Suppose 4*d = 7*d + m. What is x(d)?
11
Let n(v) be the first derivative of 2*v**3 - 9*v - 26 - v**2 + 1/4*v**4. Calculate n(-6).
3
Let a(d) = -d**3 - d**2. Suppose 2 = -3*l + 5*l. Let t(q) = 2*q**3 + 4*q**2 + 3*q + 4. Let j(r) = l*t(r) + 3*a(r). What is j(3)?
-5
Let q(t) = -t**3 + 2*t**2 + 3*t + 5. Let l be -5 - (1 - (-1)/(-1)). Let x(p) = -p**3 + p**2 + 2*p + 4. Let j(f) = l*q(f) + 4*x(f). What is j(7)?
-9
Let y(n) = -4*n - 11. Let u = -35 - -32. Let w(b) = b + 4. Let c(m) = u*y(m) - 8*w(m). Determine c(3).
13
Let g(i) be the second derivative of 10*i + 0 + 1/6*i**3 - 1/12*i**4 - 2*i**2. Calculate g(0).
-4
Let c(l) = l**3 - 51*l**2 + 348*l - 178. Let b be c(43). Let x(m) = 0*m + m + m + 9. Calculate x(b).
-3
Let k = 3 - 2. Suppose -19 = -9*h + 35. Let p(a) = 9*a**2 + 20*a + 17. Let r(c) = 3*c**2 + 7*c + 6. Let j(x) = h*p(x) - 17*r(x). What is j(k)?
4
Let t(p) = -p**2 - 8*p - 4. Let m(q) = 42*q + 248. Let s be m(-6). Calculate t(s).
12
Let m be 60/96*8*8/10. Let u(i) = -7*i**2 + 2*i + 4. Let b(g) = 15*g**2 - 4*g - 9. Let v(r) = 6*b(r) + 13*u(r). Calculate v(m).
-10
Let y(c) = -5*c + 12. Let m be 1/3*(-10 - 11). Let f(q) = -2*q + 5. Let h(z) = m*f(z) + 3*y(z). Give h(5).
-4
Let r(q) = -13*q. Let d = -1113 + 1112. Give r(d).
13
Let w(p) = p**3 - 5*p**2 + 4*p. Let v(u) = -7*u - 39. Let y = 51 - 57. Let s be v(y). Determine w(s).
-6
Let j(s) = 24*s - 473 - 22*s + 441. What is j(13)?
-6
Let q(c) = c**2 + 4*c + 3. Let u be -24*2/(-16)*6. Let d be 38/(-14) - u/63. Calculate q(d).
0
Let q(j) = -j**2 + 137*j - 15 + 120*j - 243*j. Calculate q(13).
-2
Suppose 4*v = 4*i, 0*i + 4*i - 12 = -2*v. Let u be (1*(i - -3))/1. Let q(z) = -8*z + 25. Let x(p) = 2*p - 6. Let g(r) = -2*q(r) - 9*x(r). What is g(u)?
-6
Let w(t) = t**2 - 1. Suppose 3*i - 5*p = -2*i - 5, 3*i + 4*p = -17. Determine w(i).
8
Let n(s) be the first derivative of s**2/2 + s - 153. Determine n(-10).
-9
Let l(s) = 6*s - 55. Let c = 1714 - 1704. Calculate l(c).
5
Let b(o) be the first derivative of 7*o**2/2 + 11*o - 1. Let x be b(-2). Let v(c) = c**2 + c - 4. What is v(x)?
2
Let s(j) = -j - 18. Let c(l) = -2*l - 54. Let i(a) = 2*c(a) - 7*s(a). Determine i(-8).
-6
Let s(o) = 4*o**2 - 119*o + 118. Let f be s(1). Let t(a) be the third derivative of 1/24*a**4 - 14*a**2 + 0 - 4/3*a**f + 0*a. What is t(9)?
1
Let l(z) = -z**2 + 11. Let x be l(-3). Let t(m) be the second derivative of -5*m + 5/2*m**x + 0 + 5/12*m**4 - 5/6*m**3 - 1/20*m**5. Give t(4).
1
Suppose 379*v - 425*v - 322 = 0. Let a(i) = -2*i**2 - 16*i - 7. Calculate a(v).
7
Let i be 2/(4 - 2)*1. Suppose -14 = -3*l + i. Let a(n) = n**2 - 4*n + 2. Give a(l).
7
Suppose 0 = -3*o - 3*o. Let g be (2 - (0 + o)) + -6. Let u(i) = -4 + i**3 + 0*i**3 + 0*i**3 + 3*i - 8*i + 3*i**2. Calculate u(g).
0
Let u(c) = -8*c + 34. Let k be u(4). Suppose 5*s + 19 = 3*f, -k*f + 17 = -4*s + f. Let x(i) = -i**3 - 2*i**2 + 3*i + 3. Calculate x(s).
-3
Let p = 6 + -4. Let d(l) = l + 6. Calculate d(p).
8
Let v(m) be the third derivative of -3*m**4/8 - 7*m**3 - 6*m**2 + 3*m. Determine v(-4).
-6
Let s(z) = -3*z + 2. Let v be -19 + 22 - (-2 - -3 - 0). What is s(v)?
-4
Suppose -29*u + 34*u + 4*y = -27, 3*y - 6 = 0. Let n(k) = k**3 + 6*k**2 - 5*k + 9. Give n(u).
-5
Let i(z) = 15*z**2 - 7*z**2 - 3 - 7*z**2 - 2*z**2 + 6*z. Determine i(4).
5
Let y(x) = -x**2 + 7*x - 4. Let r be (-5 - -6)/(-4*3/(-48)). Calculate y(r).
8
Let g = -17 + 8. Let p = g - -8. Let c(a) = a + 1. Let r(f) = -4*f - 15. Let q(x) = p*r(x) - 6*c(x). Give q(6).
-3
Let j(f) = f**3 - f**2 + f + 4. Suppose -5*u = 2*n - 6*n - 14, -u - 2*n = -14. Let z(a) = -u - 2 + a + 8. Let w be z(0). Give j(w).
4
Let b = 791 + -793. Let g(u) = -2*u**3 - 3*u**2 - 2*u - 8. Let p(k) = 1. Let q(z) = g(z) + 6*p(z). What is q(b)?
6
Let k(d) = -3*d**2 + 1. Suppose 9*c + 9 + 0 = 0. Let x be k(c). Let h(r) = -2*r**2 - 2*r - 1. Determine h(x).
-5
Let w(d) be the first derivative of -d**2/2 - 45. Let s(i) = 6 - 2*i + 4 - i. Let c(z) = -s(z) + 4*w(z). Determine c(-5).
-5
Let q(i) = -8*i + 51. Let j be q(6). Let w(r) be the second derivative of -1/20*r**5 - 1/12*r**4 + 0 - r**2 - 5*r - 1/6*r**j. Calculate w(0).
-2
Let z(h) be the first derivative of -h**3/3 + 9*h**2/2 - 9*h - 14. Let g be 6 - 1/(3/(-6)). Let y be z(g). Let f(c) = c**3 + c**2 + 1. Calculate f(y).
1
Let t(c) be the second derivative of 0*c**2 - 1/6*c**3 - 10*c + 0 - 1/4*c**4. What is t(-1)?
-2
Let w(d) = d**2 + 36*d + 115. Let l be w(-32). Let t(a) = -a**2 - 13*a - 1. Give t(l).
-1
Let x(h) = h**3 - 4*h**2 + 3*h - 4. Suppose 2*m - 14 = -3*q, 2*q - 5*m - 15 = -3*q. Let j be x(q). Let f(l) = l**3 - 8*l**2 + 2*l - 9. Calculate f(j).
7
Let i(m) = 4*m**2 + 6*m + 7. Let t be i(-2). Let k(v) = 4*v + 3*v - t*v - 3 - v**2. Calculate k(-2).
1
Let f(k) be the third derivative of -k**6/120 + k**5/10 - k**4/12 - k**3/3 - 40*k**2. Calculate f(6).
-14
Suppose 2*j - 5*j = -9, 4*y - j - 5 = 0. Let n = 16 - 12. Let i(d) = -3*d + 0*d + n*d. Give i(y).
2
Let p be (-2 - -4) + (2 - (-3 + 3)). Let n(r) = -r**3 + 3*r**2 + 9. Let j be n(p). Let t(g) = -g**2 - 9*g - 10. Give t(j).
4
Let u(h) = 26 - 23 - 3*h - 4 + 8*h. What is u(-3)?
-16
Let r(a) = 2*a. Let p(k) = -10*k. Let w(q) = 3*p(q) + 16*r(q). Let c(n) = n**2 + n - 1. Let o be c(-1). Give w(o).
-2
Let r(b) be the first derivative of -b**3/3 - 2*b**2 - 3*b - 2. Let a be ((-2)/6)/(-1)*(-24)/4. Determine r(a).
1
Let y(i) be the first derivative of i**4/24 + i**3/6 + 3*i**2/2 + 21. Let z(l) be the second derivative of y(l). Give z(-5).
-4
Suppose -1 = 3*n - 5*r, -8*n + 55 = -3*n + 3*r. Let k(p) be the third derivative of -1/12*p**4 - 1/60*p**5 - 1/3*p**3 + 0 + 0*p + n*p**2. Calculate k(-2).
-2
Let m(k) = -k**2 + 11*k - 8. Let d be 114/95*(-10)/(-3). Suppose -6*b = -s - 4*b + d, 0 = s - b - 7. Determine m(s).
2
Let b be 40/(-5) + 66/6. Let c(h) = -h**3 + h**2 - 4. Calculate c(b).
-22
Suppose -2*w - 2*u - 12 = -3*w, -15 = 5*w + 5*u. Let p(m) = 2*m - 5. Let b be p(w). Let s(i) = 11*i**2 + i + 1. Determine s(b).
11
Let z(u) = -u - 2. Let n(k) = 3*k - 18. Let b be n(7). Suppose 0 = -2*w - b*w. Calculate z(w).
-2
Let r(c) be the first derivative of c**7/840 + c**6/360 + c**5/120 + 23*c**3/3 + 15. Let j(b) be the third derivative of r(b). Determine j(-1).
-1
Let k(y) be the second derivative of 0 - 1/2*y**3 - 1/2*y**2 - 17*y. Give k(-4).
11
Let z = 0 - 0. Let l = -42 - -45. Let s(c) = 27*c**2 - 4 - l - 28*c**2 + c. Calculate s(z).
-7
Let w = -22 + 24. Let y(s) = -63 + 65 + 2*s + 0*s**2 + 0*s**2 + s**w. Suppose -c = 3*c + 16. Give y(c).
10
Suppose 6*i - 2*i - 444 = 0. Let q(p) = i - p + 0*p - 104. Determine q(8).
-1
Let s(a) = -5 - 23*a**2 + a + 5*a + 3*a + 21*a**2. Determine s(6).
-23
Let x(p) be the first derivative of -p**3/3 - p**2/2 - p + 1. Let h = 957 + -960. What is x(h)?
-7
Suppose 5*q - 4*q - 4 = 0. Suppose -q*g - 1 = -3*g. Let a(x) = -4 - 7 + x - 7 + 8*x**2 + 19. Determine a(g).
8
Let k(b) be the first derivative of 3 - 1/2*b**2 + b. Calculate k(-2).
3
Suppose 0 = v - 5 + 2. Let p = -5 + v. Let z(x) = 7*x - 2. What is z(p)?
-16
Let c(g) = g**2 + 8*g - 12. Let p = -270 - -260. Give c(p).
8
Let l(i) = -13*i - 4. Let v(d) = -37*d - 12. Let k(r) = -11*l(r) + 4*v(r). Determine k(8).
-44
Let h(m) be the first derivative of m**3/3 - m**2 - 2*m - 1. Let o(r) = -10*r + 6. Let s be o(6). Let w = s - -52. Give h(w).
6
Let y(i) be the third derivative of i**5/60 - 3*i**4/8 + 5*i**3/6 - 46*i**2. Give y(7).
-9
Let o(v) = v**3 - 2*v**2 + 3*v - 3. Let c = -5 - -15. Suppose 4*b - c = 2*b. Suppose i + b*k - 29 = -i, 4*k - 22 = -i. Give o(i